be 2/(-5) - (-26)/65. Let d be (r/5 - 0)*3/6. Let q be c(d). What is the greatest common divisor of 8 and q?
8
Suppose -1883*r + 3913*r = 1862*r + 4368. Let o(c) = 2*c - 3*c - 13*c - 9. Let k be o(-9). What is the highest common divisor of r and k?
13
Suppose 2 = -21*m + 86. Suppose -m*q - 432 = -10*q. Calculate the highest common factor of q and 48.
24
Suppose 3*m - 216*g - 102 = -213*g, m + 5*g = 16. What is the greatest common factor of m and 4247?
31
Let c be (8/(-10))/((-2)/10). Let u be 3*2/(-2) + 3. Suppose -5*x - 3*z + 114 + 17 = u, -3 = z. What is the greatest common factor of c and x?
4
Suppose -4*x - 5*a + 8 = 0, 3*a + 4 = -16*x + 18*x. Let p be (-7 + 6 + x)*(3 - -7). Calculate the greatest common divisor of p and 10.
10
Suppose 4*b = -4*z + 287 + 181, 5*b - 465 = -4*z. Let o = -59 + z. Let i = o + -27. Calculate the greatest common factor of i and 68.
34
Suppose 13*w - 1792 = 6*w. Suppose -w = -7*p - 214. What is the highest common divisor of 30 and p?
6
Let r be (-6)/(-3)*430/4. Suppose 16297 = 1782*j - 16965 - 65421 + 22057. Calculate the highest common divisor of j and r.
43
Suppose -192*h + 3*v = -189*h - 81699, -5*v = h - 27209. What is the greatest common divisor of 73 and h?
73
Let c be (-2 - (-12206)/7) + (-78)/(-273) + -3. What is the greatest common divisor of c and 47?
47
Suppose 11*i + 26 = 13*i. Let w(z) = -13*z**3 + z**2 + 2*z + 1. Let v be w(-1). Calculate the highest common factor of v and i.
13
Let j be (-347490)/(-180)*(2 + 9 + -1). What is the greatest common factor of 195 and j?
195
Let t(z) = 7*z**2 - 16*z - 3. Let d be t(8). Let g = d + -287. Suppose 8 + 82 = 2*f. What is the highest common factor of f and g?
15
Let y be 26 + -22 + 3/6*-14 - -163. What is the greatest common factor of 265 and y?
5
Suppose 5*f = -z - 502 + 102, -2*z = 10. Let k = f - -94. Calculate the highest common factor of k and 35.
5
Suppose -4*t = 5*l + 254 - 935, 0 = 4*l - 5*t - 594. What is the greatest common factor of l and 94?
47
Let q(t) = t**3 - 3*t**2 + t - 5. Let n be q(3). Let l(o) = -47*o - 5. Let s be l(n). Let j = s - 29. What is the highest common divisor of 20 and j?
20
Let p = -1906 + 2008. Calculate the highest common factor of 153 and p.
51
Let t be 270/(-375)*5*(-460)/6. Calculate the highest common divisor of t and 1794.
138
Suppose -21 = -2*h - 13. Suppose 6*a - h*a - 30 = 0. Let w be (5/(-3))/((-1)/9). Calculate the greatest common factor of w and a.
15
Suppose -3*k + 2 + 52 = 0. Let s be -2*(1/(-13)*2 + 801/(-117)). What is the highest common factor of s and k?
2
Let l(q) = 79*q + 1281. Let r be l(-16). What is the greatest common factor of 493 and r?
17
Let q(y) = -y**3 - 15*y**2 + 18*y + 8. Let g be q(-16). Let j(n) = n**2 + 8*n + 57. Let u be j(g). What is the highest common divisor of u and 49?
49
Let f = 3 + -27. Let w = f - -44. Let h = -102 + 110. Calculate the greatest common factor of w and h.
4
Let q be 1220/183*(-483)/(-14). What is the greatest common divisor of 943 and q?
23
Let x = -2067 - -2091. What is the highest common factor of 1464 and x?
24
Let w be ((-312)/182)/(20/(-42))*10. What is the highest common factor of 24228 and w?
36
Let l be 578 + -166 - (16 + 1). Calculate the greatest common factor of l and 3476.
79
Let c(u) = 4*u**3. Let z be c(1). Let i = 10135 + -10127. What is the highest common factor of z and i?
4
Let y(t) = -t**3 + 17*t**2 - 17*t + 11. Let g be y(16). Let a(v) = -18*v - 70. Let b be a(g). Calculate the greatest common factor of 480 and b.
20
Suppose 5*r = 162 - 147. Let f be (-1*r/9)/((-1)/54). Let v(w) = w**3 + w**2 - w + 18. Let u be v(0). What is the highest common factor of u and f?
18
Suppose -188*x + 65*x + 5166 = 0. Let y = 1095 + 207. Calculate the highest common divisor of y and x.
42
Suppose 14*s + 306 = 16*s - 4*v, 2*s + v - 326 = 0. Suppose s*u - 162*u + 2 = 0. What is the greatest common factor of 8 and u?
2
Let u(g) = -4*g + 100. Let x be u(24). Suppose -x*o + 1096 = 3*n, 4*n - 1681 = -4*o - 225. Calculate the highest common factor of n and 45.
45
Let y = -13262 + 13342. Calculate the greatest common divisor of 5210 and y.
10
Suppose 3 + 33 = 3*x. Suppose 0 = -x*f + 47 + 457. Suppose -2*m - 8 = -92. Calculate the greatest common factor of f and m.
42
Let f(n) = 3*n**2 + 25*n - 205. Let j be f(15). What is the greatest common divisor of j and 117?
13
Let y = 56 - 53. Suppose 24 = 2*q + 8*r - 11*r, -4*q = -y*r - 42. Let k(n) = -4*n - 3. Let j be k(-3). What is the greatest common divisor of q and j?
9
Let h(r) = r**3 + 32*r**2 + 89*r + 202. Let d be h(-29). Calculate the highest common divisor of d and 1200.
48
Let o be 25/(5 + -4 - 2). Let s(f) = f + 20. Let p be s(o). Let v = p + 15. What is the highest common divisor of v and 10?
10
Let j(g) = 375*g - 15. Let i be j(5). What is the highest common divisor of 180 and i?
60
Let s be 203/8 + 33/(-88). Let i be 880/(-4)*-1 - -5. What is the greatest common divisor of s and i?
25
Suppose 0*t + 450 = 2*t. Suppose 3*l + 9*g - 75 = 6*g, -5*g - 85 = -2*l. Calculate the greatest common divisor of l and t.
15
Suppose -10*c + 4*c + 24 = 0. Suppose -c*b = 24*l - 26*l - 42, -4*b + 57 = 3*l. What is the greatest common divisor of b and 18?
6
Let y = 2 - -30. Suppose -15*m - 2*g - 292 = -16*m, -586 = -2*m + 5*g. What is the highest common factor of m and y?
32
Let t be 3108/5 - (-57)/(-95). What is the highest common divisor of 1104 and t?
69
Let q = 4 - -52. Let j be 622 - (q/4)/7. Calculate the greatest common factor of j and 20.
20
Let t be (-99)/((-45)/15) - 21. Let q(y) = y**3 - 9*y**2 + 8*y + 3. Let j be q(8). Suppose j*p - 12 = p. What is the greatest common factor of p and t?
6
Let o be ((-1)/(-12)*4 - (-3392)/48) + 3. What is the highest common divisor of 592 and o?
74
Suppose -7 = -k - 2. Let j = 1534 - 1074. Suppose 100 - j = -18*v. What is the greatest common divisor of k and v?
5
Let j be ((-36)/30)/(6/(-20)). Suppose -9*g = -6*g + 3*m - 300, 0 = -m - j. What is the greatest common factor of 78 and g?
26
Suppose 3*p + 2*p = 1840. Suppose -18*y + 16*y + 66 = -5*k, -4*y = -8*k - 124. What is the highest common factor of p and y?
23
Suppose -88*h = -24*h - 192. Suppose -5*k = m - 1810, -k - h*m = -6*k + 1830. Calculate the greatest common factor of k and 44.
11
Let i = -4 - -2. Suppose 7*u = 4*u + 2*g + 1, 4*g - 6 = -2*u. Let r be u/(i*(-4)/1080). Calculate the highest common factor of r and 54.
27
Let q = 256 - 113. Let c = q + -138. Suppose c*i - 3*w - w = 669, -w - 1 = 0. What is the greatest common factor of 19 and i?
19
Suppose 1711*l = 1674*l + 4292. Calculate the highest common divisor of 2349 and l.
29
Suppose 0 = -c - 13*c + 504. Calculate the highest common factor of c and 12.
12
Suppose -3*n + 126 + 108 = 0. Suppose -5*h = -3*a - 6, -178*a = -4*h - 180*a + 18. What is the highest common factor of n and h?
3
Let g be (-308)/(-88) - (-2)/(-4). Let k = 15 + g. Calculate the greatest common factor of 297 and k.
9
Let x(l) = -l**3 - 8*l**2 - 48*l + 138. Let j be x(-11). What is the greatest common divisor of 231 and j?
21
Let j(a) = a**3 - 19*a**2 + 15*a - 22. Let v be (-10)/5 + 2 - -18. Let u be j(v). Let m = u - -186. Calculate the greatest common factor of 10 and m.
10
Suppose 0 = -y + 4*m + 38, 0 = 5*y + 4*m - 245 + 127. What is the greatest common factor of y and 28041?
13
Suppose -24*g + 25*g - 5 = 0. Suppose 0 = -2*j - g*j + 56. Suppose -j = 23*n - 25*n. Calculate the highest common factor of 44 and n.
4
Let b be -8 + (221 - (-3 - 4))*4/6. What is the greatest common divisor of b and 4068?
36
Let o = 4896 + -4734. What is the greatest common factor of o and 135?
27
Suppose -23*i = -25*i - p + 1668, 0 = -4*p - 16. What is the greatest common factor of 798 and i?
38
Let s be 4 + -9 + 3 - -14. Suppose 6*f + 204 = 5*i + 3*f, -5*i = -f - 208. Calculate the greatest common divisor of s and i.
6
Suppose 3*t + 4*z - 744 = 0, -3*t + 842 = z + 89. What is the greatest common divisor of t and 234?
18
Let d(n) = -7*n**2 + 15*n - 14. Let f be d(11). Let m be f/(-6) + -8 - 4. What is the greatest common divisor of m and 39?
13
Suppose 2*y - 4830 = -j, -2*y - 3*j + 5927 - 1093 = 0. Suppose 8*k - 6*k - y = 0. What is the greatest common factor of k and 71?
71
Suppose -56*c = -63*c. Suppose -4*w + c*w + 3952 = 0. C